What is the tens digit of i?
2
Let l(i) = 382*i**2 + 11*i - 16. What is the units digit of l(2)?
4
Let n(r) = -7*r**2 + 5*r + 10. Let k be n(8). Let g = -53 - k. Let t = g - 243. What is the tens digit of t?
0
Let s(i) = 7982*i - 1034. What is the thousands digit of s(6)?
6
Let n be -3 + 34 + 1*-6. Suppose -4*i + d - 40 = 198, 183 = -3*i + 3*d. Let c = n - i. What is the tens digit of c?
8
What is the thousands digit of -33*(-1412)/3*6/24?
3
Suppose -18 = 3*v - 6*g + 10*g, 5*v + 3*g + 30 = 0. What is the tens digit of ((-8)/v)/((-31810)/(-3180) - 10)?
2
Let t = 51656 + -10922. What is the hundreds digit of t?
7
Let d = 1337 - 1333. Let p(t) = t**3 + 12*t**2 + 11*t. Let i be p(-11). Suppose i = 5*n - 3*w - 290, d*n = -3*w - w + 200. What is the tens digit of n?
5
What is the units digit of 1/(-11) + (-1309000)/(-242) + 20?
9
Let v(s) = s + 1. Let k(z) = 140*z + 7. Let t(x) = -k(x) - 5*v(x). What is the units digit of t(-2)?
8
Let t(r) = r**3 - 7*r**2 - 18*r + 7. Let z be t(9). Suppose -z*n + 5990 = 1482. What is the units digit of n?
4
Let r = -32 + 210. Suppose 4*n - 148 = -4*h, 0 = 2*n - 7*n + 2*h + r. What is the units digit of n?
6
Suppose -4*r = 24, -7521 + 53657 = 4*z - 4*r. What is the thousands digit of z?
1
Let k = 79600 + -31080. What is the ten thousands digit of k?
4
Let l(u) = 17*u**2 - 3*u + 2. Let g = -17 - -78. Let v = g + -64. What is the units digit of l(v)?
4
Let c be 4*((-65)/(-10) - 6). Suppose -53 + 510 = 2*q - 3*i, 5*q = c*i + 1159. What is the hundreds digit of q?
2
Let u be (51 - 49)*(0 + 987/(-6)). Let a = -104 + 52. What is the tens digit of (-39)/a - u/4?
8
Let d(q) = -q**2 + 7*q + 8. Let a be d(6). Suppose 5*s + 2*w - 20 = 0, 4*s - 4*w - 2 = -a. Suppose -8*h + 654 = -s*h. What is the units digit of h?
9
Suppose 2*i + 2*n - 7 = -127, 5*n - 5 = 0. Let b = i + 57. What is the tens digit of (b*51/(-6) - -1) + 0?
3
Suppose -38*m = -9*m - 0*m - 742719. What is the tens digit of m?
1
Let n(b) = -45*b + 221. Let h = 893 + -917. What is the thousands digit of n(h)?
1
Suppose 7066*l - 7097*l + 1596996 = 0. What is the ten thousands digit of l?
5
Suppose -534 - 129 = 13*p. What is the units digit of 20/3 - 68/p?
8
Suppose -56613 = -45*f - 68*f. What is the units digit of f?
1
Let y = -784 + 2865. Let s = y + -478. What is the tens digit of s?
0
Let n be 1*(-6 - -7)*-4. What is the hundreds digit of n + (4/20 - (-48816)/45)?
0
Let f = -88 - -200. What is the tens digit of (-4)/(f/(-21)) - (-1066)/8?
3
Let t = 517 + -514. Suppose t*s - 3851 = -4*l, 0*s = -4*s - l + 5113. What is the hundreds digit of s?
2
Let z(q) = 2*q**2 - 18*q + 15. Let i be z(9). Suppose -f - 3*f - d = i, -5*f + 3*d = 23. Let b(s) = -21*s - 11. What is the tens digit of b(f)?
7
Let l(t) = 72*t**2 - 98*t + 2287. What is the hundreds digit of l(24)?
4
Suppose 44 = 15*d - 16. Suppose 227 = j - d*c, 3*c - 22 = -7. Suppose 10*o = -7 + j. What is the units digit of o?
4
Suppose -5*c - 23038 = -a, -4*c - 115274 = -7*a + 2*a. What is the hundreds digit of a?
0
Let u(s) = 6*s**3 - 52*s**2 + 41*s + 7. What is the units digit of u(17)?
4
Suppose -199*m - 4799048 = -323*m. What is the tens digit of m?
0
Suppose 24*g = 27*g - 6. Let w(o) = 13 + o**2 - g + 11*o + o**2. What is the units digit of w(-9)?
4
Suppose 27*u = 24*u - 81. Let d = 285 + u. What is the hundreds digit of d?
2
Suppose 0 = 2*p + 10 - 2. Suppose -2*k - 2*n + 734 = 0, 2*n - 1080 = -3*k + 6*n. What is the units digit of p/6 + k/6?
0
Let w be (-16)/20*(2 + 3). What is the tens digit of (22/(-33))/(w/3042)?
0
Suppose -2219 = -i - 3*i + 3*k, -k = 4*i - 2215. Let d = 73 - 59. Suppose 16*x - d*x - i = 0. What is the tens digit of x?
7
Suppose -62*k = 10*k - 30240. Suppose -418*z - 1874 = -k*z. What is the units digit of z?
7
Suppose -2*h = -296 - 250. Let u = -24 + 292. Suppose -2*z + h = q - 6*z, q + z = u. What is the hundreds digit of q?
2
Let c = -17698 + 28111. What is the ten thousands digit of c?
1
Let c be (8/6)/(14/105*-5). Let i(d) = 45*d**2 - 2*d - 8. What is the units digit of i(c)?
6
Let o = 7 - 9. Let a be o/((-10)/(-795)*-3). Suppose -f + 45 = -5*j, f + 3*j - 6*j = a. What is the tens digit of f?
6
What is the units digit of 53/583 + (-40)/66*-381?
1
Let d be (-6)/21 + -1*111/(-21). Suppose 4*j + d*v = 26 + 11, j - 1 = -4*v. Suppose c - 476 = -j*c. What is the tens digit of c?
3
Let p(j) be the second derivative of 5*j**4/6 - 8*j**3/3 - 41*j**2 + 117*j. What is the tens digit of p(-8)?
8
Let m(z) = 2*z**3 + 11*z**2 - 6*z - 2. Let v be m(-6). What is the units digit of (-11590)/(-90) - v/9?
9
Let p be ((-62)/(-4))/(2/(-4)). Let o = p - -30. What is the units digit of (15 + 5)/(o/(-3))?
0
Let n be (-3)/3*2 - -17. Let a = 717 - 715. What is the tens digit of (a*n)/(-4 + 5)?
3
Suppose -5*g - y + 3605 = -4*y, -3*g + 2*y = -2163. Let x = -85 + g. What is the units digit of x?
6
Suppose 20 - 16 = r. Suppose 8*n - r = -36. Let l(x) = -2*x**3 - x**2 - 6*x - 5. What is the units digit of l(n)?
1
Let l = 15751 - -4371. What is the thousands digit of l?
0
Let w(p) = -2059*p + 40. What is the tens digit of w(-9)?
7
Let s(z) = -z**2 - 20*z + 21. Let w be s(-21). Let l(q) = q**2 + 5*q + 499. What is the tens digit of l(w)?
9
Suppose -o + 2297 = 5*o - 7525. What is the tens digit of o?
3
Let g = 9 + 53. Let o = g - 58. Suppose 0 = 6*x - 9*x - o*t + 199, 4*t = -x + 61. What is the tens digit of x?
6
Suppose q + 4*m - 421 + 5471 = 0, 10107 = -2*q - m. What is the hundreds digit of (q/(-57))/(4/6)?
1
Suppose -4*m - 4*q + 76 = 0, -3*m + 67 = 3*q + 2*q. What is the units digit of -147*(5 - 5 - m/6)?
3
Let m be 571/(2*2 - (-5 + 10)). Let i = 805 + m. What is the units digit of i?
4
Suppose -22*f + 17*f = 5*o - 4340, -20 = 5*o. Let a = -301 + f. What is the hundreds digit of a?
5
Let n(w) = 7*w - 19. Let s be n(31). Suppose s + 509 = 7*j. What is the hundreds digit of j?
1
Let z(l) = -3*l**2 - 1. Let c(i) = 7*i**2 - 15*i - 12. Let v(n) = -c(n) - 4*z(n). What is the hundreds digit of v(-6)?
1
Let h(v) = -v**3 + 72*v**2 + 318*v + 1. What is the tens digit of h(76)?
6
Let r be ((-4)/6 - (-10)/(-3)) + 314. Let q = 863 - r. What is the hundreds digit of q?
5
Suppose 14*b + 10*b - 120 = 0. Suppose b*o + 807 = 2*s - 0*s, 4*s - 1639 = 5*o. What is the tens digit of s?
1
Let c(h) = -h**3 - 18*h**2 - 18*h - 8. Let v be c(-13). Let w = v - -1354. What is the units digit of w?
5
Suppose 3*p + 2*p + 2*z = 21, 0 = -3*z + 9. Suppose p*k = 2*u, 2*k + 3*u = -3*k + 19. What is the tens digit of ((-1744)/(-24))/(k/3)?
0
Let n be (-2)/(-4) + (-27)/6. Let d be 5 + 121 + n + 2. Suppose -b = -296 + d. What is the tens digit of b?
7
Suppose -4*j - 5*j = j. Suppose -5*z + 669 = p, j = -5*z + 8*z + p - 403. What is the hundreds digit of z?
1
Suppose 154 + 14126 = 2*b - 2*m, -4 = -m. What is the units digit of b?
4
Suppose 5*y + 5*x - 25 = 0, -4*y + 3*x - 15 = -0*y. Let d(q) = y*q + 2*q + 19*q - 28. What is the hundreds digit of d(10)?
1
Let p(d) = -77 + 18*d + 24 + 6*d. What is the units digit of p(8)?
9
Let a(n) = 5*n - 30. Let y be a(8). Suppose -y*f + 113 = 13. Let l(t) = 2*t**2 - 2*t + 24. What is the tens digit of l(f)?
0
Suppose -2963 = 11*v - 62759. What is the hundreds digit of v?
4
Suppose 2*d - 2155*h = -2151*h + 75288, 5*h + 188190 = 5*d. What is the ten thousands digit of d?
3
Let g = 494 + -30. Suppose -21*y = -13*y - g. Let h = 168 - y. What is the hundreds digit of h?
1
Suppose 5 - 11 = u. What is the hundreds digit of (-245)/(u + 1)*19?
9
Let n(r) = 1663*r - 9. Let h be n(1). Suppose -5*y = -4*b - 3*y + h, y = -2*b + 833. What is the hundreds digit of b?
4
Let g(r) be the second derivative of -r**5/20 + 5*r**4/12 - 2*r**3 + 3*r**2/2 + 12*r. Let b be g(6). What is the units digit of b/(-33) - 3 - (-5299)/77?
9
Let k(b) = -456*b + 2261. What is the thousands digit of k(-16)?
9
Suppose 4*q - l = 18973, -l + 3383 = q - 1364. What is the units digit of q?
4
Let y = -26 + 72. Let d = y + -47. What is the units digit of ((-43)/d - -4) + -2?
5
Let o(r) be the third derivative of r**6/60 + r**5/20 + r**4/12 + 131*r**3 - 51*r**2. What is the hundreds digit of o(0)?
7
Suppose d + 3*h - 1407 = 0, 1694*h = -d + 1693*h + 1401. What is the thousands digit of d?
1
Suppose 236*g + 1457258 = -23*g + 10082735. What is the hundreds digit of g